{"id":3022,"date":"2015-11-19T15:48:29","date_gmt":"2015-11-19T14:48:29","guid":{"rendered":"http:\/\/tellusignis.com\/?project=nau-industrial-artesa-de-segre"},"modified":"2025-07-24T09:00:15","modified_gmt":"2025-07-24T07:00:15","slug":"nau-industrial-artesa-de-segre","status":"publish","type":"project","link":"https:\/\/tellusignis.com\/ca\/project\/nau-industrial-artesa-de-segre\/","title":{"rendered":"Nau Industrial a Artesa de Segre"},"content":{"rendered":"<p>Sistema de producci\u00f3&nbsp;integre&nbsp;amb&nbsp;aerot\u00e8rmia. Sistema de producci\u00f3&nbsp;de calefacci\u00f3&nbsp;o refrigeraci\u00f3.<\/p>\n","protected":false},"author":53,"featured_media":3021,"template":"","meta":{"_acf_changed":false},"project_categories":[196,198],"class_list":["post-3022","project","type-project","status-publish","has-post-thumbnail","hentry","project_categories-aerotermia","project_categories-proyectossingulares"],"acf":[],"_links":{"self":[{"href":"https:\/\/tellusignis.com\/ca\/wp-json\/wp\/v2\/project\/3022","targetHints":{"allow":["GET"]}}],"collection":[{"href":"https:\/\/tellusignis.com\/ca\/wp-json\/wp\/v2\/project"}],"about":[{"href":"https:\/\/tellusignis.com\/ca\/wp-json\/wp\/v2\/types\/project"}],"author":[{"embeddable":true,"href":"https:\/\/tellusignis.com\/ca\/wp-json\/wp\/v2\/users\/53"}],"wp:featuredmedia":[{"embeddable":true,"href":"https:\/\/tellusignis.com\/ca\/wp-json\/wp\/v2\/media\/3021"}],"wp:attachment":[{"href":"https:\/\/tellusignis.com\/ca\/wp-json\/wp\/v2\/media?parent=3022"}],"wp:term":[{"taxonomy":"project_categories","embeddable":true,"href":"https:\/\/tellusignis.com\/ca\/wp-json\/wp\/v2\/project_categories?post=3022"}],"curies":[{"name":"wp","href":"https:\/\/api.w.org\/{rel}","templated":true}]}}

<p>Sistema de producció&nbsp;integre&nbsp;amb&nbsp;aerotèrmia. Sistema de producció&nbsp;de calefacció&nbsp;o refrigeració.</p>
