{"id":3031,"date":"2015-12-01T15:19:28","date_gmt":"2015-12-01T14:19:28","guid":{"rendered":"http:\/\/tellusignis.com\/?project=oficinas-col%c2%b7legi-denginyers-de-girona"},"modified":"2025-07-24T08:56:54","modified_gmt":"2025-07-24T06:56:54","slug":"oficinas-col%c2%b7legi-denginyers-de-girona","status":"publish","type":"project","link":"https:\/\/tellusignis.com\/ca\/project\/oficinas-col%c2%b7legi-denginyers-de-girona\/","title":{"rendered":"Oficinas Col\u00b7legi d&#8217;Enginyers de Girona"},"content":{"rendered":"<p>Sistema de producci\u00f3n integra con&nbsp;aerotermia. Sistema de producci\u00f3n de calefacci\u00f3n o refrigeraci\u00f3n.<\/p>\n","protected":false},"author":53,"featured_media":3032,"template":"","meta":{"_acf_changed":false},"project_categories":[196,198],"class_list":["post-3031","project","type-project","status-publish","has-post-thumbnail","hentry","project_categories-aerotermia","project_categories-proyectossingulares"],"acf":[],"_links":{"self":[{"href":"https:\/\/tellusignis.com\/ca\/wp-json\/wp\/v2\/project\/3031","targetHints":{"allow":["GET"]}}],"collection":[{"href":"https:\/\/tellusignis.com\/ca\/wp-json\/wp\/v2\/project"}],"about":[{"href":"https:\/\/tellusignis.com\/ca\/wp-json\/wp\/v2\/types\/project"}],"author":[{"embeddable":true,"href":"https:\/\/tellusignis.com\/ca\/wp-json\/wp\/v2\/users\/53"}],"wp:featuredmedia":[{"embeddable":true,"href":"https:\/\/tellusignis.com\/ca\/wp-json\/wp\/v2\/media\/3032"}],"wp:attachment":[{"href":"https:\/\/tellusignis.com\/ca\/wp-json\/wp\/v2\/media?parent=3031"}],"wp:term":[{"taxonomy":"project_categories","embeddable":true,"href":"https:\/\/tellusignis.com\/ca\/wp-json\/wp\/v2\/project_categories?post=3031"}],"curies":[{"name":"wp","href":"https:\/\/api.w.org\/{rel}","templated":true}]}}

<p>Sistema de producción integra con&nbsp;aerotermia. Sistema de producción de calefacción o refrigeración.</p>
